(base 9) to base 14.
-3bc2c9
22002033033 (base 4) to base 7
31234260
173724 (base 10) to base 12
84650
What is 6007185 (base 9) in base 15?
431522
223121311 (base 4) to base 16
2b675
13557 (base 13) to base 2
1000110011100101
Convert 1079d (base 16) to base 5.
4124420
Convert -1452427 (base 9) to base 2.
-11000011110111001001
111100211102 (base 3) to base 11
16a6a2
What is 10100010111000101011001 (base 2) in base 4?
110113011121
102020200122 (base 3) to base 5
24041030
What is -686763 (base 13) in base 6?
-124542220
-779789 (base 15) to base 14
-a86035
What is 1210321233 (base 4) in base 7?
3340641
Convert 13150375 (base 9) to base 11.
3719665
What is -3a54198 (base 11) in base 15?
-9353a0
4313367 (base 8) to base 5
243342014
-101130320 (base 4) to base 2
-10001011100111000
What is 302110120 (base 4) in base 5?
23043404
What is 6327043 (base 8) in base 11?
a4a4a1
-41515406 (base 7) to base 11
-1a80807
Convert 2518072 (base 12) to base 8.
33521526
221471 (base 14) to base 9
2151783
What is -1a1ec2 (base 16) in base 2?
-110100001111011000010
149947a (base 11) to base 3
11211001202221
-2d8a8 (base 15) to base 12
-7114b
349874 (base 14) to base 2
110110101110111011110
Convert 1bcc9d (base 15) to base 13.
387ac6
Convert -166857 (base 15) to base 8.
-4107511
bcc5 (base 14) to base 11
22636
-2201790 (base 10) to base 13
-5c1246
Convert -2111022000 (base 3) to base 11.
-3394a
7155858 (base 9) to base 12
13405bb
-527235 (base 8) to base 4
-222322131
713bf (base 16) to base 14
c1051
What is -3589b9 (base 13) in base 11?
-7a169a
3e087 (base 15) to base 5
22334002
10101001000001100010 (base 2) to base 7
5612301
-40144350 (base 6) to base 7
-12431160
1217034 (base 10) to base 15
190909
-dd784 (base 16) to base 4
-3131132010
-168056 (base 9) to base 5
-11314143
What is -79957 (base 10) in base 16?
-13855
What is 25c3b (base 16) in base 2?
100101110000111011
What is -406107 (base 8) in base 5?
-13243330
What is 1006454 (base 7) in base 10?
119942
Convert -48078 (base 14) to base 5.
-21110342
What is a0b341 (base 12) in base 14?
493cd3
-1e0a8e (base 15) to base 14
-2a3c85
Convert 486658 (base 9) to base 11.
190647
Convert -15203223 (base 6) to base 11.
-331907
What is 2431010 (base 6) in base 10?
128526
-1299567 (base 13) to base 12
-1b5b923
What is 2222545 (base 8) in base 2?
10010010010101100101
What is 3727b0 (base 12) in base 8?
3326364
11222001122 (base 3) to base 13
35639
Convert -b162a (base 12) to base 14.
-60122
Convert -95654 (base 16) to base 3.
-1011002101212
Convert 150321 (base 6) to base 2.
11100000101001
Convert -6e930 (base 16) to base 13.
-12b1c5
What is 2ea3d (base 15) in base 7?
1165450
What is -4b677 (base 12) in base 11?
-70352
Convert -745450 (base 9) to base 2.
-1101100010011010001
1323223311 (base 4) to base 15
a0193
15a6b65 (base 12) to base 7
52551254
What is -130030213120 (base 4) in base 13?
-16ba5b8
Convert -1063a7 (base 11) to base 16.
-2962d
What is -215603 (base 9) in base 8?
-373431
What is 28027 (base 14) in base 5?
11130234
What is 894761 (base 11) in base 5?
331121130
Convert 30625225 (base 7) to base 5.
1124444410
Convert -11477655 (base 8) to base 5.
-1121214203
8569a (base 13) to base 4
322233212
Convert -3111444 (base 5) to base 6.
-1031310
What is 155883 (base 10) in base 7?
1216320
-201110202000 (base 3) to base 12
-165969
Convert 3256a3 (base 12) to base 14.
16a951
What is -377278 (base 9) in base 15?
-47a25
What is -80c10a (base 13) in base 3?
-12122020221211
Convert -1aa297 (base 13) to base 2.
-10100101110110100111
-35019 (base 10) to base 4
-20203023
-111100100100010111 (base 2) to base 13
-88bc8
-410002 (base 8) to base 12
-66282
Convert 122623 (base 10) to base 15.
264ed
What is -105024555 (base 7) in base 14?
-bb7865
What is 20162652 (base 7) in base 15?
232896
Convert -414735 (base 8) to base 13.
-4a89a
What is -d91246 (base 14) in base 12?
-2560092
What is -77941 (base 10) in base 13?
-29626
What is 1101010111000110001001 (base 2) in base 15?
492b83
Convert -d5ae1 (base 15) to base 2.
-10100101011001010101
What is -171 (base 15) in base 9?
-407
What is -44242 (base 7) in base 3?
-120020021
What is -2d1404 (base 15) in base 2?
-1000010100100000100010
-74125 (base 8) to base 7
-155545
What is -1002201122 (base 3) in base 13?
-9b30
What is 50786 (base 11) in base 6?
1331134
Convert -10001100101011010011100 (base 2) to base 11.
-266936a
Convert -2d4f4 (base 16) to base 5.
-21414323
Convert -1d7790d (base 14) to base 8.
-70400011
What is 4442033 (base 8) in base 16?
12441b
-1000111111101110011101 (base 2) to base 15
-318ab8
What is -10101000110011101 (base 2) in base 10?
-86429
What is -6b4c0 (base 15) in base 10?
-341955
What is 3043436 (base 11) in base 2?
10100100000111011100011
What is -457234 (base 11) in base 10?
-727005
73406 (base 16) to base 10
472070
Convert 203031 (base 5) to base 14.
25c5
-25bc (base 14) to base 10
-6634
Convert -1010000001010111101101 (base 2) to base 9.
-4843567
Convert 144551053 (base 6) to base 14.
58cb45
-3274735 (base 9) to base 6
-101432435
What is 688490 (base 10) in base 4?
2220011222
Convert -13234012 (base 6) to base 12.
-192908
What is -20a286 (base 13) in base 9?
-1385344
What is 10324034 (base 5) in base 9?
145407
29bb3 (base 12) to base 10
58743
Convert -1037a2 (base 11) to base 15.
-342bd
Convert -1211302041 (base 5) to base 9.
-5304618
What is -89472d (base 16) in base 9?
-17832071
Convert -43851 (base 11) to base 3.
-10020012212
What is 422498 (base 10) in base 5?
102004443
What is -759704 (base 12) in base 15?
-26bacd
-1245142 (base 6) to base 3
-10111000022
What is -688c09 (base 13) in base 5?
-1113211414
Convert -3148a (base 14) to base 13.
-42170
Convert -24543 (base 16) to base 7.
-1156554
Convert 48add4 (base 15) to base 2.
1101010001011101001110
What is -35a522 (base 15) in base 13?
-6bb049
-13301b (base 13) to base 15
-92561
What is -130797 (base 10) in base 15?
-28b4c
What is 25505a (base 15) in base 10?
1788835
Convert -3019694 (base 12) to base 15.
-bca3b1
What is -74194 (base 13) in base 9?
-347627
120102240 (base 6) to base 13
609171
12220200011 (base 3) to base 14
305c5
Convert -446857 (base 9) to base 8.
-1012372
-1244315 (base 9) to base 3
-1021111100112
What is 563562 (base 9) in base 16?
5256b
What is -621273 (base 10) in base 13?
-189a23
-3214 (base 12) to base 10
-5488
Convert -c7921 (base 16) to base 7.
-6643132
Convert 149394 (base 13) to base 6.
14502150
-21c5e (base 15) to base 5
-11414124
What is 277a19 (base 11) in base 10?
435136
What is -cf4d73 (base 16) in base 13?
-2a78a2c
340403203 (base 6) to base 8
27472523
What is 435547 (base 9) in base 8?
773604
-462529 (base 11) to base 8
-2634164
What is -60619 (base 14) in base 10?
-231695
-10110010111000111100 (base 2) to base 4
-2302320330
-41115435 (base 6) to base 15
-1839ce
Convert 21bc (base 16) to base 4.
2012330
Convert -5844510 (base 10) to base 6.
-325133530
What is 22133031330 (base 4) in base 14?
517d12
Convert 23a942 (base 13) to base 12.
350b46
What is -43154525 (base 6) in base 15?
-1a2bbe
Convert 13335222 (base 6) to base 14.
b9526
What is -405776 (base 15) in base 6?
-145300233
What is 11100102101102 (base 3) in base 10?
2311211
What is -1344242433 (base 5) in base 11?
-1a874a8
Convert -1332121320 (base 4) to base 2.
-1111110011001111000
-130431330 (base 5) to base 14
-129130
-212782 (base 9) to base 4
-132330212
15884834 (base 9) to base 5
4014444044
Convert 72138 (base 14) to base 10.
274646
-4502210 (base 6) to base 11
-144898
662505 (base 12) to base 14
302d5b
-12447b (base 13) to base 5
-103003411
Convert -16ded2 (base 16) to base 9.
-2734011
What is -110020101021200 (base 3) in base 2?
-11000110011100111100111
What is -12624664 (base 7) in base 2?
-100011100101101110101
-22225032 (base 6) to base 9
-1234352
What is -16900 (base 16) in base 11?
-63485
What is -1d96b9 (base 16) in base 14?
-386973
4326514 (base 10) to base 8
20402162
What is -163140 (base 10) in base 14?
-4364c
What is 10024321 (base 6) in base 11?
18400a
-11355234 (base 6) to base 4
-1113103012
Convert 61430 (base 13) to base 2.
101010100011000110
-10100100000111111101001 (base 2) to base 8
-24407751
Convert 168a09 (base 11) to base 2.
111111101010011100
What is 1629677 (base 13) in base 16?
6cd59e
Co